et w(d) be the second derivative of d**6/360 - 7*d**5/120 - d**4/6 + d**3/2 + 15*d. Let c(f) be the second derivative of w(f). What is c(7)?
-4
Suppose -3*o + 4*o = -1. Let f = o + -1. Let r(n) = 13*n**2 + 33*n - 5. Let j(m) = -6*m**2 - 15*m + 2. Let g(i) = 9*j(i) + 4*r(i). Give g(f).
-4
Let g(r) = r**2 + 67*r - 443. Let a be g(-73). Let i(j) = -2*j**2 - 5*j + 7. What is i(a)?
-18
Let y(w) = w**2 - 5*w + 3. Suppose -14 = 4*l + 22. Let n = -8 - l. Let f be n/2 - 27/(-6). Give y(f).
3
Let g(b) be the third derivative of -b**6/60 - b**5/60 + b**4/24 - b**3/6 - 37*b**2. What is g(1)?
-3
Suppose -4*n - 3*f + 6*f = -8, 0 = -2*n - 3*f + 4. Let j(a) = 0*a**n + 2*a + 3*a**2 + 12*a**3 + 3 + 0*a**2 - 13*a**3. Calculate j(4).
-5
Let b be 68/(-170) - 46/10. Let n(a) = 2*a**2 + 9*a - 3. Determine n(b).
2
Suppose -5*y = -9 - 26. Let g(q) be the third derivative of q**4/24 - 2*q**3/3 + 14*q**2. Let i be g(y). Let m(o) = 4*o. Give m(i).
12
Let f(d) = -5*d**2 + 1. Let q be 2/(2/24*3). Let x = -12 + 16. Suppose v = -2*a + x*v - 5, -5*a = -3*v + q. Determine f(a).
-4
Let v(k) = -2*k + 3. Let j = 2 + 2. Suppose 3 = -j*w - 4*l - 1, 5*w + 2*l = 7. Determine v(w).
-3
Let i(g) = -g**3 - 3*g**2 - 2*g - 3. Let t(a) = a**2 - 12*a - 2. Suppose -j + 3*y - 4*y + 7 = 0, -3*j + 61 = -5*y. Let z be t(j). What is i(z)?
-3
Suppose -7 + 5 = -r. Suppose -9*q = -r*q + 42. Let d(s) = s**2 + 7*s + 1. Determine d(q).
-5
Let w(n) = -3*n**2 - 15*n - 3. Let k be w(-5). Let p be ((-1)/k)/((-2)/6). Let i(c) = -5*c**3 - c**2 + c + 1. Give i(p).
4
Let q(c) = -16 - 91*c**2 + 18 + 92*c**2 - 6*c. Determine q(4).
-6
Suppose c + 2*a = 4 - 11, 4*c = 4*a + 32. Suppose i - 5*u + 9 + 7 = 0, 5*i - u - 16 = 0. Let m(x) = 4 + 2*x**c - 2*x - i*x**2 - 9 - x**3. Determine m(5).
10
Let l be -4 + 57/9 - 2/6. Let j(d) = -14 + d**3 - 4*d + 6*d**l - 3*d + 17. Determine j(-7).
3
Let x be (0/(-8))/(2/2). Let u = 4 - x. Let w(f) = 2*f**2 - 7*f + 5. Calculate w(u).
9
Let t(i) = i**2 - 4*i - 10. Let n(y) = -y**2 - 48*y - 138. Let c be n(-3). Give t(c).
11
Let t(p) be the third derivative of -p**6/120 + p**5/30 - p**4/12 - 7*p**3/6 + 6*p**2 + 40. What is t(0)?
-7
Let j(h) = 3*h - 9. Suppose -16*p + 436 = 20. Let x = p - 20. Determine j(x).
9
Let a(y) = 4 - 7*y**3 - 2*y - 2 - 14 + y**2. Let m(g) = -15*g**3 + 3*g**2 - 4*g - 25. Let q(i) = 13*a(i) - 6*m(i). What is q(-5)?
4
Let g(z) be the third derivative of z**8/20160 - z**7/1260 - z**6/360 - z**5/10 + 5*z**2. Let a(v) be the third derivative of g(v). Give a(-3).
19
Suppose -2*h - 8 = -2*f, -19*f + 21*f + 41 = -5*h. Let r(c) = -c - 11. What is r(h)?
-4
Let n = -830 + 833. Let s(u) = 4*u - u**3 - 2*u**2 + 5*u**2 - 4 + 0*u**2. Determine s(n).
8
Let m(l) be the first derivative of l**4/4 + l**3/3 + l**2/2 + 7*l + 40. What is m(0)?
7
Let w(r) = -6*r**2 + 6*r**2 - 3 - 79*r + r**3 + 76*r. Determine w(0).
-3
Let k(x) = x**2 + 13*x + 22. Let c be k(-11). Let q(m) = -5*m + c + 3 + 5 + 4*m. Calculate q(9).
-1
Let k(c) = c - 6. Suppose -4*m - 18 = -5*m - 2*u, -3*u + 33 = 2*m. Calculate k(m).
6
Let s(y) be the first derivative of y**4/4 + 4*y**3/3 + 3*y**2/2 + 6*y + 2. Let i be (-82)/(-205) - (168/35 + (-2)/5). What is s(i)?
-6
Let v(x) be the second derivative of -x**4/12 - x**3 + 3*x**2/2 + 1536*x. Suppose 2*i = 4*y + 18, -6*y = -2*y - 3*i + 17. Calculate v(y).
8
Let n = -7 + 15. Suppose n = 3*w - 1. Let u(r) = -5*r**3 - 15*r**2 - 3*r + 6. Let i(a) = -3*a**3 - 8*a**2 - 2*a + 3. Let m(k) = -7*i(k) + 4*u(k). What is m(w)?
0
Let c(t) = 6*t**2 + 4*t - 4. Let f(m) = -m**3 - m**2 - m - 1. Let o(p) = -c(p) - f(p). Suppose 5*v = k + 2*v - 11, v + 2 = 0. Give o(k).
-10
Let s(m) = -532*m + 266*m + 9 + 262*m. Calculate s(7).
-19
Let l(k) = -k**3 - 5*k**2 + 7. Suppose -211 = 31*j - 56. Calculate l(j).
7
Let y(o) = 2 - 4*o**2 + o**3 + 4*o**2 - 6*o**2 + 2*o**2 + o**2. Give y(2).
-2
Let r(j) be the second derivative of j**4/12 + 3*j**3 + 20*j**2 - j + 146. Calculate r(-16).
8
Let f(r) = r**3 + 11*r**2 + 11*r + 7. Let d be f(-10). Let j(l) = -l**3. Let i(o) = -2*o**3 - 2*o**2 + 3*o - 4. Let b(m) = i(m) - j(m). Give b(d).
-4
Let s(i) be the first derivative of i**5/60 - i**4/6 - i**3/6 - 5*i**2/2 + 18. Let m(t) be the second derivative of s(t). Calculate m(4).
-1
Let d(m) be the first derivative of 19 + 5/2*m**2 - 4*m + 1/3*m**3. Determine d(-6).
2
Let j(w) be the first derivative of -w**3/3 - 5*w**2/2 - 5*w + 38. Determine j(-4).
-1
Let f(y) = 7*y + 10. Let g be f(5). Let q(i) = -2*i + 3*i + 43*i**3 - g*i**3. What is q(1)?
-1
Let o(a) be the second derivative of -a**3/6 - 79*a - 1. Determine o(10).
-10
Let x(g) = -3*g + 5. Let k = 41 + -30. Let p(l) = 8*l - 14. Let m(w) = k*x(w) + 4*p(w). Calculate m(-7).
6
Let i(c) be the third derivative of c**6/120 + c**5/60 + c**4/24 - 24*c**2 - 1. Give i(-1).
-1
Let w(y) = -5*y**2 + 6*y - 2*y**3 + 3*y**3 + 9 - 5*y**2 - 7*y - 9*y. Give w(11).
20
Let v(t) be the third derivative of t**4/12 + t**3/2 + 69*t**2. Give v(6).
15
Let u(t) = -t**3 + 3*t**2 + 2*t + 2. Let b = -13 + 13. Suppose b = 2*i - 15 + 5. Suppose 2*l - 1 - 17 = -2*j, -10 = -i*j + 2*l. What is u(j)?
-6
Let k = 71 - 68. Let t(w) = 8 + 10*w**3 + 13*w**3 + 7*w**2 - 30*w**k + 7*w + 8*w**3. What is t(-6)?
2
Let z = 14 + -24. Let u be 13/5 + -2 + (-44)/z. Let b(c) = -c**2 + 6*c - 3. Calculate b(u).
2
Let m(v) = -v**3 - v**2 + 5*v + 3. Let l(c) = -c**2 + 8*c + 18. Let i be l(12). Let o be ((-10)/4 - -3)*i/5. Give m(o).
6
Let v(p) be the third derivative of p**6/120 - p**5/12 + p**4/12 - 4*p**2 - 24. Let i = -4 + 9. Give v(i).
10
Suppose 3*y = -4*t + 4, -3 = -2*t - t + 3*y. Let l(u) = -u**2 - 2*u + 1. Let n be l(t). Let b(i) = 3 - 2*i + 3*i**2 + 2*i**2 - 7*i + 13*i. Determine b(n).
15
Let j(d) = -3*d + 1. Suppose -2*r + 3 = 1. Let k be j(r). Let v(b) = -b**2 + 1. What is v(k)?
-3
Let v(h) = h**3 + 10*h**2 - 9*h + 16. Let f be 150/(-14) - ((-88)/77)/(-4). Calculate v(f).
-6
Let b(k) = 3*k**2 - 10*k + 5. Let n(t) = -t**2 + t + 1. Let j(l) = b(l) + 2*n(l). Determine j(7).
0
Let l be 254/32 - (-140)/2240. Let s(n) be the second derivative of n**3/6 - n**2/2 - 2*n. Calculate s(l).
7
Let k(v) = 6*v**3 + v**2 + v + 1. Let y be ((-30)/18 - -2)*-3. Calculate k(y).
-5
Let w(j) = -j + 9. Let r be 33/9 - (-4)/12. Suppose -7*c = r*c. Determine w(c).
9
Let c be (2 - 2)/(0 - (0 + 3)). Suppose j = 5*h + 24, -j - 11 = -c*h + 2*h. Let x(b) = -2*b**3 - 2*b**2 - b. What is x(j)?
1
Let b(h) = 2*h - 6 + 4*h**2 + h - h - h**3. Let f be ((3/2)/(-1))/(12/24). Let z(j) = j + 7. Let y be z(f). Determine b(y).
2
Let j(z) = -z**2 - 2*z + 8. Let t(p) = -2*p**2 - 2*p + 4. Let b be t(-2). What is j(b)?
8
Let u(m) be the third derivative of -m**6/120 - m**5/60 + m**4/8 - m**3/3 - 174*m**2. Let g(y) = y**2 + 2*y - 3. Let p be g(-2). Determine u(p).
7
Let j be 1/1*228/4. Let q(c) = 6 - 27*c - 31*c + j*c. What is q(3)?
3
Let j(n) = -n**2 + 3*n + 1. Suppose 5*y = -2*l + 12, 2*y + l = 7*y - 9. Calculate j(y).
3
Let w(q) = -q**2 + 5*q + 6. Let a be w(5). Let u(i) = -5*i - 10. Let t(d) = -13*d - 29. Let r(j) = 3*t(j) - 8*u(j). What is r(a)?
-1
Let z(a) = a**2 + 4. Let t be -1 + 1 + 3 + 3. Let v(w) = w**2 - t*w + 7*w + 0*w**2 - 3 - 8*w. Let q be v(7). Give z(q).
13
Let b(m) be the second derivative of -m**4/12 + m**3 - 3*m**2/2 - 122*m. Suppose c + 12 = 3*c + 2*q, -2*c = -2*q - 8. What is b(c)?
2
Let h(z) be the second derivative of 2*z**3/3 - 2*z + 44. Calculate h(4).
16
Let l = -42 - -47. Let b(x) = 2*x + 6. Give b(l).
16
Let j(u) = 9*u + 40. Let v be j(-4). Let f(t) = 6*t - 25. Calculate f(v).
-1
Let a(x) = 7*x - 1. Suppose -29*h = 16*h + 90. Calculate a(h).
-15
Let o(k) = -2 - 72*k + 70*k + 1 - k**3. Let i be o(-1). Let v(t) = -2 + 2*t**2 + 5*t**2 - 5*t**2 - 3*t**i + 3*t. Determine v(2).
0
Let q(o) = -319*o + 161*o + 157*o - 18. Calculate q(9).
-27
Let t(d) be the second derivative of d**5/20 - 5*d**4/12 - d**3/2 + 5*d**2/2 + 54*d + 1. Calculate t(6).
23
Let w(v) = -3*v + v**3 - v**2 + 7*v**2 - 3 - 2*v**2 - 2*v**2. Let m be w(-2). Suppose a - m*p = 5*a + 19, 8 = -3*a + 4*p. Let x(n) = 3*n. Give x(a).
-12
Let b(z) = -4*z**2 + 7*z - 6. Let g(n) = n**2 + 3*n + 5. Let x be g(0). Let t(c) = 5*c**2 - 8*c + 7. Let k(m) = x*t(m) + 6*b(m). Give k(1).
2
Let q(a) = -2*a**3 - a**2 + 6*a - 3. Let b(d) = -4*d**3 - 4*d**2 + 13*d - 6. Let v(p) = 3*b